 27426?
7
What is the thousands digit of 1455?
1
What is the ten thousands digit of 15119?
1
What is the ten thousands digit of 35049?
3
What is the tens digit of 1104?
0
What is the hundreds digit of 28957?
9
What is the tens digit of 50301?
0
What is the units digit of 24635?
5
What is the hundreds digit of 7880?
8
What is the tens digit of 16853?
5
What is the tens digit of 14158?
5
What is the units digit of 35?
5
What is the ten thousands digit of 11242?
1
What is the tens digit of 663?
6
What is the units digit of 7422?
2
What is the tens digit of 10692?
9
What is the thousands digit of 12918?
2
What is the units digit of 83250?
0
What is the tens digit of 10361?
6
What is the hundreds digit of 752?
7
What is the tens digit of 39113?
1
What is the ten thousands digit of 37367?
3
What is the thousands digit of 1847?
1
What is the hundreds digit of 3870?
8
What is the hundreds digit of 4340?
3
What is the thousands digit of 5554?
5
What is the tens digit of 1153?
5
What is the thousands digit of 17531?
7
What is the thousands digit of 4310?
4
What is the hundreds digit of 196?
1
What is the ten thousands digit of 11108?
1
What is the ten thousands digit of 30278?
3
What is the hundreds digit of 6684?
6
What is the thousands digit of 119045?
9
What is the thousands digit of 34124?
4
What is the hundreds digit of 191?
1
What is the hundreds digit of 3433?
4
What is the units digit of 160?
0
What is the units digit of 2046?
6
What is the units digit of 13817?
7
What is the units digit of 8120?
0
What is the tens digit of 15989?
8
What is the hundreds digit of 988?
9
What is the hundreds digit of 6140?
1
What is the units digit of 1269?
9
What is the tens digit of 79?
7
What is the thousands digit of 2732?
2
What is the tens digit of 809?
0
What is the units digit of 5839?
9
What is the tens digit of 2818?
1
What is the units digit of 34339?
9
What is the thousands digit of 4225?
4
What is the units digit of 814?
4
What is the thousands digit of 1280?
1
What is the hundreds digit of 2238?
2
What is the units digit of 74660?
0
What is the hundreds digit of 32647?
6
What is the tens digit of 7638?
3
What is the hundreds digit of 81853?
8
What is the thousands digit of 2794?
2
What is the tens digit of 1258?
5
What is the units digit of 6817?
7
What is the thousands digit of 1707?
1
What is the tens digit of 2126?
2
What is the thousands digit of 67001?
7
What is the hundreds digit of 18919?
9
What is the hundreds digit of 1335?
3
What is the units digit of 33105?
5
What is the tens digit of 409?
0
What is the tens digit of 39406?
0
What is the tens digit of 1785?
8
What is the tens digit of 39?
3
What is the units digit of 4120?
0
What is the units digit of 1688?
8
What is the units digit of 954?
4
What is the units digit of 327?
7
What is the thousands digit of 1280?
1
What is the hundreds digit of 33291?
2
What is the hundreds digit of 668?
6
What is the tens digit of 16172?
7
What is the units digit of 75096?
6
What is the hundreds digit of 1897?
8
What is the units digit of 69250?
0
What is the thousands digit of 75133?
5
What is the tens digit of 181?
8
What is the hundreds digit of 6421?
4
What is the hundreds digit of 7353?
3
What is the units digit of 666?
6
What is the tens digit of 68152?
5
What is the thousands digit of 23655?
3
What is the ten thousands digit of 31876?
3
What is the tens digit of 5524?
2
What is the hundreds digit of 4049?
0
What is the tens digit of 2312?
1
What is the units digit of 1106?
6
What is the units digit of 55027?
7
What is the tens digit of 4541?
4
What is the tens digit of 10449?
4
What is the hundreds digit of 1228?
2
What is the thousands digit of 7993?
7
What is the hundreds digit of 984?
9
What is the hundreds digit of 152689?
6
What is the thousands digit of 1084?
1
What is the hundred thousands digit of 106545?
1
What is the hundreds digit of 321?
3
What is the hundreds digit of 3080?
0
What is the units digit of 418?
8
What is the hundreds digit of 2717?
7
What is the units digit of 2170?
0
What is the units digit of 2405?
5
What is the tens digit of 13750?
5
What is the thousands digit of 58910?
8
What is the hundreds digit of 2190?
1
What is the hundreds digit of 65161?
1
What is the thousands digit of 1870?
1
What is the hundreds digit of 1413?
4
What is the units digit of 36094?
4
What is the tens digit of 1944?
4
What is the units digit of 1252?
2
What is the tens digit of 3453?
5
What is the units digit of 475?
5
What is the hundreds digit of 5796?
7
What is the units digit of 83518?
8
What is the units digit of 2803?
3
What is the thousands digit of 2342?
2
What is the hundreds digit of 20683?
6
What is the units digit of 9305?
5
What is the tens digit of 11643?
4
What is the units digit of 889?
9
What is the units digit of 4770?
0
What is the tens digit of 58005?
0
What is the units digit of 533?
3
What is the thousands digit of 6598?
6
What is the thousands digit of 8223?
8
What is the hundreds digit of 23433?
4
What is the hundreds digit of 4065?
0
What is the thousands digit of 1583?
1
What is the thousands digit of 4491?
4
What is the units digit of 58294?
4
What is the units digit of 22306?
6
What is the hundreds digit of 7761?
7
What is the units digit of 1242?
2
What is the tens digit of 49590?
9
What is the thousands digit of 3336?
3
What is the tens digit of 3745?
4
What is the thousands digit of 27005?
7
What is the units digit of 56471?
1
What is the thousands digit of 21766?
1
What is the tens digit of 6713?
1
What is the thousands digit of 69412?
9
What is the tens digit of 9950?
5
What is the units digit of 88515?
5
What is the thousands digit of 58464?
8
What is the thousands digit of 2313?
2
What is the ten thousands digit of 62736?
6
What is the units digit of 36873?
3
What is the hundreds digit of 3604?
6
What is the thousands digit of 3478?
3
What is the tens digit of 326?
2
What is the thousands digit of 1628?
1
What is the thousands digit of 66673?
6
What is the tens digit of 1129?
2
What is the hundreds digit of 15136?
1
What is the tens digit of 26779?
7
What is the tens digit of 583?
8
What is the thousands digit of 20017?
0
What is the units digit of 9624?
4
What is the hundreds digit of 277?
2
What is the units digit of 23199?
9
What is the thousands digit of 1143?
1
What is the units digit of 806?
6
What is the tens digit of 4056?
5
What is the thousands digit of 6615?
6
What is the hundreds digit of 268?
2
What is the units digit of 68830?
0
What is the units digit of 825?
5
What is the hundreds digit of 22494?
4
What is the tens digit of 113141?
4
What is the thousands digit of 1848?
1
What is the tens digit of 1518?
1
What is the hundreds digit of 18873?
8
What is the tens digit of 147?
4
What is the ten thousands digit of 42027?
4
What is the units digit of 6175?
5
What is the units digit of 77255?
5
What is the thousands digit of 29671?
9
What is the thousands digit of 156293?
6
What is the hundreds digit of 235?
2
What is the hundreds digit of 1049?
0
What is the units digit of 973?
3
What is the units digit of 193633?
3
What is the tens digit of 60684?
8
What is the tens digit of 580?
8
What is the tens digit of 957?
5
What is the tens digit of 552?
5
What is the ten thousands digit of 89455?
8
What is the tens digit of 834?
3
What is the thousands digit of 19999?
9
What is the hundreds digit of 458?
4
What is the thousands digit of 4704?
4
What is the units digit of 4019?
9
What is the hundreds digit of 113?
1
What is the units digit of 249?
9
What is the tens digit of 11882?
8
What is the tens digit of 21351?
5
What is the thousands digit of 30746?
0
What is the tens digit of 9083?
8
What is the hundreds digit of 9656?
6
What is the thousands digit of 1557?
1
What is the units digit of 531?
1
What is the units digit of 4274?
4
What is the units digit of 51820?
0
What is the units digit of 6995?
5
What is the hundreds digit of 662?
6
What is the tens digit of 8391?
9
What is the hundreds digit of 741?
7
What is the hundreds digit of 45615?
6
What is the thousands digit of 7367?
7
What is the tens digit of 7128?
2
What is the hundreds digit of 13864?
8
What is the units digit of 4920?
0
What is the tens digit of 536?
3
What is the hundreds digit of 3